 Let a = h - 18. Is a a composite number?
False
Let l(u) = 2*u**3 - 7*u**2 - 3*u - 1. Let g be l(4). Suppose 84 = 4*b - g*n, n = -0*b + 3*b - 58. Suppose 21*x - b*x - 2493 = 0. Is x composite?
True
Let p = 14293 - 5757. Let g = -2867 + p. Is g composite?
False
Suppose -2 + 1 = n, -d = 4*n - 588. Let y(j) = -6*j + 83. Let i be y(13). Is i/10*4 + d/2 a prime number?
False
Let c(z) be the third derivative of z**5/6 - z**4/8 - 3*z**3/2 - 4*z**2. Suppose 4*x + 0*x + 4*l = -12, -5*x + l = 21. Is c(x) a prime number?
True
Let j(z) = -11*z**3 - 10*z**2 + 7*z - 9265. Let t(x) = -2*x**3 - x**2 + x + 2. Let a(b) = -j(b) + 6*t(b). Is a(0) a composite number?
False
Let u = 56 + -18. Let g = u - 34. Suppose -5*x = g*x - 1341. Is x prime?
True
Suppose -3*h + 21 = 0, -95426 = -d + 10*h - 14*h. Is d a prime number?
False
Suppose -2*c - 14453 = -5709 - 57930. Is c a prime number?
True
Let o be 2/1 - (-2802)/(4 + -3). Suppose 9*i + o = 13*i. Is i composite?
False
Let r(i) = 138*i**2 - 375*i - 65. Is r(46) composite?
False
Let a = 45395 + -86030. Let y = -20478 - a. Is y a composite number?
True
Suppose 5*t + 2128 = -9*t. Let k = 4119 - t. Is k composite?
False
Let j = 83 + -79. Suppose -816 = -2*x + 3*z, -j*x + 2*z = -9*x + 2040. Let r = x - 29. Is r prime?
True
Let n(b) = 4*b**3 - 44*b**2 - 8*b - 253. Is n(26) composite?
False
Suppose 0 = 5*j - j + 3*d + 205771, d = 5*j + 257190. Is j/(-7) + (20/35)/1 a prime number?
True
Let a(z) = 4*z**2 + 2*z - 1. Let s(t) = -t**2 - 13*t + 20. Suppose 3*v - 3 = -45. Let k be s(v). Is a(k) composite?
True
Let m(w) = 6*w + 18. Let b be m(-3). Suppose b = -j - 52 - 22. Let x = 485 + j. Is x prime?
False
Let q = -194227 + 343601. Is q a prime number?
False
Let l(n) = -20*n**2 + 4*n + 26. Let f be l(13). Let t = f + 9813. Is t composite?
True
Is (-4)/50 + (-2925777)/(-25) a prime number?
False
Let t be 2*-1*(-20)/8. Is (-6 + t)/(-2 + 20157/10079) a composite number?
False
Is 146572 + (5/15*39 - 22) prime?
True
Suppose 6*m + 23 - 35 = 0. Suppose 709 = m*c + 3*f, -3*c - 6*f + 1080 = -7*f. Is c prime?
True
Let m(b) = -12*b - 323. Let q be m(-27). Is ((-27)/(108/44152))/(-1 - q) a prime number?
True
Suppose 98674 = 5*g - 2*s, -3*g + 6*s + 59204 = 5*s. Let j = -11405 + g. Is j prime?
True
Suppose 11*b + 7*b = 90954. Let u = -2892 + b. Is u a prime number?
True
Let j be (-252936)/(-96) + (-6)/8. Let w = 439 + j. Is w prime?
False
Let a(y) = 6*y - 1. Let v be a(2). Let m(f) be the first derivative of 15*f**2/2 + 38*f - 2355. Is m(v) a prime number?
False
Let p(w) = -7555*w + 369. Let u be p(-10). Let r = 112752 - u. Is r composite?
False
Suppose -2*a + 505945 = -j + 32433, -5*a + j = -1183777. Is a a composite number?
True
Let n be (-5)/((-315)/(-6)) - (-97249)/(-21). Let u = 2148 - n. Is u prime?
True
Suppose -5*l - 12323 + 84858 = 0. Suppose 10*b + 117 = l. Is b a prime number?
True
Let k be 19 - ((-3)/(-6))/((-6)/24). Suppose -22*u + k*u + 1408 = 0. Let s = -465 + u. Is s prime?
False
Let l be (-30)/4*2168/4. Let a = 796 - l. Is a prime?
True
Let v be (-412923)/(-3) + (-1 - 6). Let j = v - 97951. Is j prime?
False
Let c be -3 - (2 + -3) - (-56)/7. Suppose -11*o + c = -17*o. Is o/(16/(-220)) + 1/4 prime?
False
Suppose -432922 = -5*u + 1045593. Is u a prime number?
True
Let v(n) = -1110*n**2 - 21. Let t(q) = -111*q**2 - 2. Suppose 5*d + d = -126. Let b(j) = d*t(j) + 2*v(j). Is b(-1) prime?
False
Let d = -1 - -4. Suppose 0 = 5*y + 5*f + 5, -3*y + 0 = -2*f - 22. Suppose z - 2*z - d*q = -176, -731 = -y*z - 3*q. Is z prime?
False
Let d(z) = -663*z**3 - 10*z**2 + 4*z + 19. Is d(-6) composite?
True
Let l be 133/28 + (1/(-4))/(-1). Suppose -3 = 8*q + l. Is 0 + (q - -2) - -406 prime?
False
Suppose -n + 3507 = 770. Suppose 5*o - 515 = 3*y + 6305, -2*o = -3*y - n. Is o a prime number?
True
Let r(k) = k**3 + 130*k**2 + 766*k - 114. Is r(-105) composite?
True
Suppose -20*c + 350278 = -15*c - 8*h, h - 140086 = -2*c. Is c prime?
False
Suppose -12 = -2*q + 5*l, 0*q - 4*l - 24 = -4*q. Is 6500 - q/(0 - -2) prime?
False
Let n(m) = -9*m + 52. Let c be n(6). Let u be 1620816/66 - c/11. Suppose -q = 4*k - u, 0 = -3*q - 1 + 7. Is k composite?
True
Let w be ((3/9)/(2/(-90)))/(-3). Let r(n) = 8*n**2 - 6*n - 12. Is r(w) a composite number?
True
Let b = -40 - -41. Let o be (b/1 - 0)*6/6. Is (o - 159)/((-14)/49) composite?
True
Let v = -33653 + 112954. Is v prime?
True
Suppose -14*n = -11*n + 162. Let y = n - -54. Suppose -3*t + 1233 + 840 = y. Is t a prime number?
True
Let n(q) = -q**2 - 21*q - 12. Let c be n(-20). Let x(s) = s**2 + 7*s - 13. Let y be x(c). Let b = y + 150. Is b prime?
True
Let g(q) = 11*q + 1635*q**2 + 17*q - 32*q - 8. Let s be g(3). Is (-2)/(-4)*12/30*s a composite number?
False
Let i be 6*2/42 + 7984/(-14). Let u = i + 1681. Is u prime?
False
Suppose 0 = -3*p, g + 26 = 2*p - 3. Let q = g + 31. Suppose y + 1179 = -0*r + q*r, -1781 = -3*r + 4*y. Is r a prime number?
True
Let c = 80 - 92. Let w be 3*2*5/((-90)/c). Suppose 0 = 5*l - l + w, 3*t = -5*l + 2014. Is t prime?
True
Let l(u) = -32*u + 553. Let w be l(19). Let s be 183*((-8)/6)/(-2). Let r = s + w. Is r a composite number?
False
Let c(l) = 6*l**2 + 4*l + 3. Let a be c(-4). Suppose -19*b + 12 = -a. Suppose 0 - 230 = -b*h. Is h a prime number?
False
Let h = -44629 + 134606. Is h prime?
True
Suppose -12*o + 222976 + 1063388 = 0. Is o a composite number?
False
Let s(g) = 185*g + 65. Let b(z) = -369*z - 128. Let u(d) = -3*b(d) - 5*s(d). Is u(6) a prime number?
True
Is 24/16*((-1216565)/(-30) + 2/4) composite?
True
Suppose 0 = -a - 5*c + 5079, 4*c + 15332 = 5*a - 2*a. Suppose 4*m - 6787 = -3*r, a = 2*m + m + 5*r. Is m a prime number?
True
Suppose 4*q + 9 = -5*q. Suppose 0*c - n = -3*c + 8, -20 = 5*c + 5*n. Is c*(2618 + 1/q) a prime number?
True
Let m = 16 - 17. Is (5/5)/((m*3)/(-11337)) a composite number?
False
Let k(j) = -155*j**2 + 5*j - 4. Let w be k(2). Is (w/(-8))/((-8)/(-64)) prime?
False
Suppose 0 = 4*k + z - 909, -4*k - z - z = -906. Let m = 623 + k. Is m a composite number?
True
Suppose -42*v + 32389362 = -15140232. Is v a composite number?
True
Is (-1120891 + 13 - -4)/(-2) composite?
False
Let z = 42 - 3. Suppose 8*b + z = 199. Is 107 - (66/15 + (-8)/b) prime?
True
Let k = 1429 + -1742. Let o(n) = 51*n**2 - 9. Let c be o(7). Let d = c + k. Is d composite?
True
Let x = -904 + 944. Let i = 914 - 485. Let g = i - x. Is g a prime number?
True
Let k(n) = -177 - 53*n + 78 - 33*n. Is k(-3) composite?
True
Suppose -3*l = -u - 2053223, l - 975194 + 290799 = -6*u. Is l a prime number?
True
Let q = 19873 + 9396. Is q composite?
False
Suppose -3*w - 4*k - 4937 = 0, -w + 5*k - 2259 = -626. Is -9*8/12 - w a composite number?
False
Suppose 0 = 4*w - 3*v - 11, 5*w = 2*v - 7*v + 40. Suppose -4*u = -12, -w*u + 3093 = 4*c - 3134. Is c prime?
True
Let o = 364662 - 257881. Is o a composite number?
False
Suppose -3*u + 6*v - 5*v + 1749751 = 0, -3*u = 3*v - 1749735. Is u composite?
False
Let f = -73881 + 107726. Suppose -5*t - 3*q + f = 0, 0 = -5*q - 0*q. Is t prime?
False
Suppose -5*h + x + 19 = 4*x, 3*h + 4*x - 18 = 0. Suppose -821 = -2*c - 3*b + 473, h*b + 2588 = 4*c. Let m = 1042 - c. Is m a prime number?
False
Suppose n - 38231 = -15*l + 10*l, 4*n + 4*l - 152988 = 0. Is n composite?
True
Suppose -5*j - 29 = 5*m - 199, m + 146 = 5*j. Suppose -j*n - 94625 = -55*n. Is n a composite number?
True
Let n = -14 - -4. Let p(l) = l**3 + 11*l**2 + 11*l + 10. Let w be p(n). Let a(s) = s**3 + s**2 + s + 191. Is a(w) prime?
True
Let w(u) = -3854*u - 7. Let r be 2/(-12) - 275/330. Is w(r) prime?
True
Let i(q) = 514*q**2 + 23*q - 178. Is i(9) prime?
False
Let y(k) = 2552*k - 3599. Is y(15) a composite number?
True
Let h = 1249249 - 665646. Is h a composite number?
False
Suppose -5*g + 7*g = -6*g + 45352. Is g composite?
False
Let m = -16314 - -16377. Let h be 0 + 2*29*1. Suppose m*y = h*y + 4105. Is y a prime number?
True
Suppose 4*m + 5*t = 6608573, 0 = -4*m + 4*t + 985637 + 5622963. Is m a composite number?
True
Let l(f) = -75074*f**3 + 6*f**2 - 4*f - 5. Is l(-1) a composite number?
False
Let l = 4736 + 34815. Is l prime?
True
Let r(a) = 6*a**2 - 22*a - 2. Let f be r(4). Suppose -f*m + 17908 = -16640. Is m prime?
False
Let t = -288655 + 495354. Is t a composite number?
False
Let r(w) = 3*w + 2134. Let m be r(